/12. Suppose -2*d + x*d - p = -s, 5*s - 4*d - 118 = 0. Is s a prime number?
False
Let z(t) = -5*t**2 + 7*t - 5. Let c be 1 + (-7 - (0 + -3)). Let o(s) = 4*s**2 - 8*s + 6. Let m(k) = c*z(k) - 2*o(k). Is m(3) composite?
True
Let q(d) = d**3 - 22*d**2 - 54*d + 19. Is q(26) a prime number?
True
Suppose -1528 = 4*l + 2*b, 3*b + 1228 = -3*l + 85. Let i = l + 2016. Is i composite?
True
Let x(k) = -25*k + 30. Let f be x(10). Let q = f - -455. Is q a composite number?
True
Let b(d) be the third derivative of -d**6/120 - d**5/20 - d**4/8 + 2*d**3/3 - 2*d**2. Let r be b(-6). Let h = r + 133. Is h a composite number?
False
Let l be ((-2)/(-6))/(18/324). Suppose 4*w - l = -j, -4*j + 18 = -5*w - 48. Is j composite?
True
Let y(h) = -h**3 - 5*h**2 + 5*h - 2. Let v = -4 + -2. Let p be y(v). Suppose 0 = 4*z + p*l - 140, -5*l = -5*z + 193 + 2. Is z a prime number?
True
Suppose 0 = -10*d + 6*d + 16. Suppose d*a + 1066 = 3*v, 519 - 1597 = -3*v - 2*a. Is v prime?
False
Let b = -27 + 27. Suppose -5*u + b = -10. Suppose -u*v + 830 = 3*v. Is v composite?
True
Let a(p) = -2*p**2 + 11*p**2 + 6*p**2 + 11 + 4*p. Is a(8) prime?
False
Suppose 5*n - 8228 = -i, 9007 - 41871 = -4*i - 4*n. Is i a prime number?
False
Suppose 2*a + q = 3878, q + 4*q = 4*a - 7756. Is a a composite number?
True
Suppose 15*c = 10*c + 14635. Is c composite?
False
Let n = 55 - 52. Suppose -2*l - w + 210 = 41, -5*w + 236 = n*l. Is l composite?
True
Suppose -8*m = -290 + 2. Suppose -9033 = -m*z + 33*z. Is z composite?
False
Let d = -2142 - -3505. Is d a prime number?
False
Let f = -2 - -4. Suppose -14*k = -6*k - 40. Suppose -k*c = 3*l - 978, -3*l + f*c + 981 = 6*c. Is l a prime number?
True
Is (-302520)/32*40/(-30) a composite number?
True
Suppose 0 = -13*z + 16*z - 4*s - 2501, -2*z = -4*s - 1662. Is z a composite number?
False
Suppose 5*s + 4*u - 48 = 0, -7*u - 63 = -4*s - 2*u. Suppose -5*i = -5*y - 0*i - 10, -4*y - 3*i + 27 = 0. Suppose z - s = y. Is z composite?
True
Suppose -94*y + 83*y + 45331 = 0. Is y a composite number?
True
Let d = 63 - 19. Suppose -2*x = 4*w - 6*x - d, -x = 3*w - 25. Is 3846/4*6/w prime?
True
Let i = 14 - 14. Suppose 0*t - 3*t - 24 = i. Is 4/(t/(-6)) - -11 composite?
True
Let k be 52*((-2)/5 - 14/(-10)). Suppose -265 = -4*w - t - k, 1 = t. Is w prime?
True
Suppose -12745 = -n + 19*a - 20*a, 0 = n - a - 12741. Is n composite?
False
Let z = -35406 - -73187. Is z a prime number?
True
Let b be (6 + -4)*(-3)/2. Let r be 12/2*86/b. Let t = r + 295. Is t a prime number?
False
Suppose -436*b = -439*b + 206319. Is b a composite number?
True
Suppose -135745 = -4*o + 122595. Is o a prime number?
False
Suppose 8*s - 154 = s. Let t = s + -25. Is (t - -6)*(-836)/(-12) a prime number?
False
Let k(t) = 11*t**2 + 25 + 8*t - 13 + 3*t - t**3. Let f be k(12). Suppose f*o + 3*o = 627. Is o a composite number?
True
Suppose 17 - 2 = 3*r. Suppose -5*j = r*k - 620, j + j - 254 = -4*k. Suppose -27 = -4*i + j. Is i prime?
True
Suppose 5*q + 15 = 4*x, 2*q = 4*x + 7 - 25. Let c(n) = 9 + 6*n + 8 + 142*n - 14. Is c(x) composite?
False
Suppose 3*d - 1 = -5*c, 4*d - 2*c - 12 = 2*c. Suppose -3*m + 9 = 0, 2*w - d*m + 7 = 19. Suppose 6*l - w*l + 633 = 0. Is l a composite number?
False
Is (-7)/21*-12723*1 prime?
True
Suppose -20*n + 908 = -4992. Is n a prime number?
False
Suppose -t - 5*o = -75006, 0*t = -2*t + 3*o + 150025. Is t composite?
False
Let i be -16 + (1 + 6 - 4). Let s = 17 + i. Suppose 2*h - 6*z = -3*z + 530, 2*z - 1060 = -s*h. Is h composite?
True
Let x be (2/(-4))/(7/28). Is (-429)/x - (-9)/18 composite?
True
Let s = -1572 + 3376. Let k(v) = 10*v - 118. Let b be k(12). Suppose -3*o + b*o = -5*j - 451, 0 = -4*o + j + s. Is o prime?
False
Suppose 2*f = -3*b, -8*f + 4*f = -4*b. Suppose f = -4*v - x - 4*x + 315, 3*v + 3*x = 234. Suppose -v = -y - 4*i, 3*i - 168 = -3*y + 75. Is y composite?
False
Suppose 0 = d - 5*g - 25, -5*g + 22 = 2*d - g. Let u(i) = 32*i - 13. Is u(d) prime?
True
Suppose -r + 3*a = -4172, 5*r - 16071 = 2*a + 4828. Let z = r + -2982. Is z a composite number?
True
Let s(m) = 2*m**2 + 18*m - 14. Let a be s(-10). Suppose 0 = a*o - 3*o - 879. Is o a prime number?
True
Let s(v) = -102*v + 42157. Is s(0) a prime number?
True
Suppose -3*m + 5*v + 26 = 0, 5*v - 21 = -4*m + 2. Suppose -m*p = p - 3376. Suppose p = -2*q + 4*q. Is q a prime number?
True
Let s = 134803 - 95516. Is s composite?
True
Let a(q) = 5*q**2 - 26*q - 176. Is a(-7) a composite number?
False
Let s be 72/(-27)*18/(-8). Suppose 10 = s*p - 4*p. Is (-2)/p - 468/(-20) a prime number?
True
Is ((-1)/(-8)*26)/(3/10524) a prime number?
False
Suppose 2 = 4*v - 3*v. Let r = 1401 - 1001. Suppose n = v*j + 121, -5*j = 5*n - r - 160. Is n a composite number?
True
Let z = 75 + -73. Suppose 2*y + 6006 = 6*y + 2*x, -4*y + z*x = -5986. Is y prime?
True
Let b be 4*((1 - -3) + 0 + -3). Is 338/b - (-2 - (-3)/2) a prime number?
False
Let j(a) = 7*a**3 - a**2 - 7*a + 5. Is j(4) composite?
False
Let w(r) = 2*r**2 + 4*r - 6. Let c be 4/5 + 168/(-35). Is w(c) composite?
True
Is (30/45)/(6/115461) composite?
False
Suppose -11*i + 10*i = -497. Is i composite?
True
Let c = -104 - -104. Let u = 2382 - 4610. Is (-1)/(c - (-4)/u) a composite number?
False
Let n(k) = -k**3 + k - 9. Let l be n(-3). Is 1196/(-6)*l/(-10) prime?
False
Let f = 7938 + 3779. Is f a prime number?
True
Let m be (-1)/(137/136 + 5 + -6). Let z = m + 515. Is z prime?
True
Let h = 7 + -7. Suppose 0 = 2*t - h*t + 3*m - 16, 0 = -2*t - 4*m + 20. Suppose c - t*j - 153 = -4*j, 0 = 4*c + 5*j - 624. Is c prime?
False
Let z be (-12)/2*(-16)/24. Let k(v) = 8*v + 1. Let r be k(z). Is (-141)/(-11) - (-6)/r a prime number?
True
Suppose 15*d - 83368 - 199307 = 0. Is d a prime number?
False
Let m = -17 - -22. Suppose 5 = y + l, 4*y + 2*l - m = 9. Suppose v = j + 93, -y*j + 73 = v + 2*j. Is v prime?
True
Let t be (-780)/(-70) + 2/(-14). Suppose t = -4*x + 23. Suppose 5*a - x*b = 679, 5*a + 3*b - 8*b - 685 = 0. Is a prime?
False
Let f(h) = 2*h**3 - 14*h**2 - 3*h - 4. Let q be f(7). Is (-5)/q + (10324/5 - 3) prime?
False
Let q = -32860 + 72441. Is q prime?
True
Let a(r) = r**3 + r**2 - 2*r + 353. Let u(h) be the second derivative of -h**5/20 + 5*h**4/4 + 8*h**3/3 + 4*h. Let y be u(16). Is a(y) a composite number?
False
Suppose 24*b - 29*b + 48655 = 0. Is b prime?
False
Let v = 50 + -47. Let t = 9 - -15. Suppose 7 = -v*l - y + 75, 0 = -l + y + t. Is l prime?
True
Is (-2*(-6)/(-4))/(60/(-408220)) prime?
True
Let f = -349 - -572. Suppose -4*p + 93 = -f. Is p a prime number?
True
Suppose 0*u + 4*z - 2357 = u, 2*u - 4*z + 4702 = 0. Let a = -802 - u. Is a a prime number?
True
Suppose 50 - 44 = 3*g. Is (g - (-24)/(-10)) + (-42507)/(-5) a prime number?
True
Is (-482735)/(-110) - 1/2*-5 composite?
False
Let w(m) = 38*m**2 + 5*m - 8. Let p be w(-5). Let d = p - 455. Let n = -299 + d. Is n prime?
True
Suppose 4*y - 52698 = -4*x - 12898, -4*y + 39818 = -2*x. Is y composite?
True
Let j be 0 + 3/(6/(-4)). Let n be (-726)/(-4) + 1/j. Suppose 2*x = -0*x - m + n, -2*m - 83 = -x. Is x prime?
True
Suppose 11*i - 6*i = 10. Suppose i*k - 5*k = -27. Suppose -k*y = -5*y - 764. Is y a composite number?
False
Suppose 3*o = 6*o - 2*f - 11471, -f = -4*o + 15303. Is o a prime number?
False
Suppose 3*q - 15 = -3*u, 23 = 4*q - 0*u + u. Let c = q - 16. Is (-35)/c + 1/(-2) prime?
True
Let q be 9*(2/6)/((-8)/4744). Let f = 3524 + q. Is f composite?
True
Suppose 5*x - 5*o - 134 = -49, -2*o - 20 = -x. Suppose -1312 = -x*j + 1810. Is j prime?
True
Suppose 0 = -4*b - 5*i + 25, -2*b - 4*i = -5*i + 5. Let u(l) = 2*l + 1061. Is u(b) a prime number?
True
Let o = 19 - 13. Suppose 2*z = -5*j + 4*z - 8, -o = 4*j - 2*z. Is j + 9/(-2 - -3) a composite number?
False
Let z(g) = g**2 + 8*g + 6. Let s be -3 + 1 - (-1 - -7). Let h be z(s). Is h + 328 + 2 + -1 prime?
False
Let d = 51738 - 31309. Is d composite?
True
Let w(q) = -281*q - 1035. Is w(-77) a composite number?
True
Let k be -1*5/10*-40. Suppose 0 = -4*n - k, -3*g - 2*n = -7183 - 1108. Is g a prime number?
True
Suppose -9*g + 2642 = -2857. Is g prime?
False
Suppose -11*j + 14*j = -1416. Let d = j + 705. Is d composite?
False
Let n = -93 - -140. Suppose 0 = d - 9 - n. Suppose -3*c + 271 = -d. Is c a prime number?
True
Suppose -147*w + 139*w = -157912. Is w composite?
False
Suppose 0 = -47*y